102222201 + -220?
-110000121
In base 2, what is -10000011001000001 + 10?
-10000011000111111
In base 16, what is 16 - -9f01?
9f17
In base 7, what is 55 - -210?
265
In base 10, what is -13 - 1012?
-1025
In base 7, what is -1421 + -52?
-1503
In base 11, what is -36a497 - 1?
-36a498
In base 6, what is 102120 + -2?
102114
In base 5, what is 103233 - 14313?
33420
In base 10, what is 4 - -113470?
113474
In base 15, what is -10 + 392d?
391d
In base 8, what is -3147044 + -1?
-3147045
In base 15, what is -9e - -148?
99
In base 10, what is -4 + 1271?
1267
In base 13, what is a + -b40b?
-b401
In base 11, what is 1964 + 4?
1968
In base 5, what is -1000201212 + -4?
-1000201221
In base 4, what is -202 - -31023011?
31022203
In base 8, what is 204366 - 1?
204365
In base 12, what is 10b52 - 5?
10b49
In base 16, what is 154401 + -4?
1543fd
In base 7, what is 15362 - -5?
15400
In base 16, what is -49 - 6c6c?
-6cb5
In base 3, what is -12 + -201201221012?
-201201221101
In base 10, what is -311167 + 3?
-311164
In base 8, what is 521 - -4101?
4622
In base 15, what is 20 - -b59?
b79
In base 9, what is -76 + 1244?
1157
In base 4, what is 13131311212 - -1?
13131311213
In base 5, what is 410 + 1411?
2321
In base 10, what is -2507 + 10?
-2497
In base 15, what is -71 + -d6?
-157
In base 15, what is 34d2a + -3?
34d27
In base 10, what is -197978 + -8?
-197986
In base 8, what is 0 + 167463?
167463
In base 9, what is 54 - 30?
24
In base 8, what is -1 + -103040?
-103041
In base 2, what is 1000110010001011 - -10110?
1000110010100001
In base 11, what is 347 + 7?
353
In base 2, what is -1010010110010 + 10100?
-1010010011110
In base 6, what is -35052 + 0?
-35052
In base 4, what is -3033 - 1221?
-10320
In base 13, what is -884 + 44c?
-435
In base 4, what is 122020 - 0?
122020
In base 2, what is 11110111001011100 - 11000?
11110111001000100
In base 16, what is -9c70 - 8?
-9c78
In base 12, what is 5784b - 7?
57844
In base 8, what is -2 + -60311?
-60313
In base 11, what is -141603 - -9?
-1415a5
In base 5, what is -13414214 - 0?
-13414214
In base 5, what is -1 + -211342144?
-211342200
In base 3, what is -2 + 211010200?
211010121
In base 3, what is -200021001 - -12?
-200020212
In base 11, what is 12 - -a3?
105
In base 7, what is -22150 + 204?
-21643
In base 2, what is 1010101100110 + -1011101?
1010100001001
In base 2, what is -1 + -110100100010001000?
-110100100010001001
In base 12, what is 2 - -6083bb?
608401
In base 14, what is -26cd + -4?
-26d3
In base 5, what is 14 - 421123?
-421104
In base 12, what is -15b47a2 - -4?
-15b479a
In base 13, what is -119c83 - -2?
-119c81
In base 11, what is -460a + 55?
-4565
In base 3, what is 21022122012 + -1?
21022122011
In base 9, what is -7350 + 860?
-6380
In base 8, what is 3 + 234050?
234053
In base 5, what is 121212 + 12?
121224
In base 4, what is 10 + 3010013?
3010023
In base 13, what is -b9 - 1641?
-172a
In base 12, what is -21 + 3350?
332b
In base 16, what is 2 - 45c8?
-45c6
In base 15, what is -173 + -4?
-177
In base 15, what is 1603c0 + -2?
1603bd
In base 15, what is -5 + 96cc5?
96cc0
In base 11, what is -35 - 6220?
-6255
In base 7, what is -2 - -524410?
524405
In base 9, what is -755 + -317?
-1173
In base 4, what is -10123332 + -12?
-10130010
In base 6, what is -12 + 32314?
32302
In base 10, what is 108 + -22?
86
In base 8, what is -4 - 132603?
-132607
In base 5, what is -202321 + -4?
-202330
In base 6, what is -1304 + 2201?
453
In base 8, what is 44 + 6?
52
In base 6, what is 1 + 325141?
325142
In base 4, what is -12233 + 120?
-12113
In base 9, what is 7431712 + 4?
7431716
In base 8, what is 5 - -7124?
7131
In base 13, what is -1 - -2c50?
2c4c
In base 15, what is -63 + 1d?
-45
In base 4, what is 32113021 + -1?
32113020
In base 6, what is 2 + -1331452?
-1331450
In base 12, what is -36b - -1?
-36a
In base 2, what is 110110011 + 100100000100?
101010110111
In base 3, what is 10 + -20000212220?
-20000212210
In base 5, what is -4 + 21201110?
21201101
In base 9, what is 16 + -13668?
-13652
In base 12, what is -25 + 2475?
2450
In base 8, what is -40073 - -13?
-40060
In base 9, what is 5 - -24071?
24076
In base 10, what is -931080 - -5?
-931075
In base 15, what is -1163 + -1?
-1164
In base 6, what is 112 + 30055?
30211
In base 13, what is -23 - 6b44?
-6b67
In base 4, what is -112 + -12120?
-12232
In base 8, what is 255 - -2572?
3047
In base 10, what is -766 - -24?
-742
In base 10, what is 272 + -28?
244
In base 6, what is -3 - -1435135?
1435132
In base 5, what is -104134012 - 1?
-104134013
In base 2, what is -10101010110000110011 - -1?
-10101010110000110010
In base 5, what is 4 + 1002003243?
1002003302
In base 14, what is 1 - -2c99?
2c9a
In base 9, what is 251 + -1674?
-1423
In base 9, what is 18230 - 3?
18226
In base 4, what is 2113322 + 10?
2113332
In base 3, what is -2010220 - -102?
-2010111
In base 14, what is -711 - -346?
-3a9
In base 5, what is 11 - -210312031?
210312042
In base 15, what is -5 + 2e29?
2e24
In base 4, what is -13120012 + 1003?
-13113003
In base 15, what is 1a1b1 + -1?
1a1b0
In base 10, what is -684 - 17?
-701
In base 15, what is -12 + -6b?
-7d
In base 4, what is 11 - -101021313?
101021330
In base 6, what is -4031340 + 4?
-4031332
In base 3, what is -201012100200 + 2?
-201012100121
In base 13, what is -b76a5 + 5?
-b76a0
In base 4, what is -3 - 111120?
-111123
In base 12, what is 100 + -154?
-54
In base 15, what is d + 1774?
1782
In base 7, what is 1550 - -6?
1556
In base 8, what is 4031 + 13?
4044
In base 2, what is 111 + 1010101010101011?
1010101010110010
In base 14, what is -28c - 17?
-2a5
In base 3, what is 2101 - 2002221?
-2000120
In base 10, what is 21344 - 3?
21341
In base 6, what is 321 - -105505?
110230
In base 4, what is -1221222 + -211?
-1222033
In base 7, what is 10536235 + 5?
10536243
In base 10, what is -1299 - 153?
-1452
In base 3, what is -100 - -11200020?
11122220
In base 4, what is -113212 + -111?
-113323
In base 12, what is -9 + -2a7?
-2b4
In base 3, what is -2 - 10221021?
-10221100
In base 10, what is -174056 - -5?
-174051
In base 4, what is -1110100322 + -2?
-1110100330
In base 12, what is -a - 239b?
-23a9
In base 9, what is -675507 + 0?
-675507
In base 5, what is 3 + -13334312?
-13334304
In base 4, what is 1302003211 + -1?
1302003210
In base 2, what is 100 - -1101011110000?
1101011110100
In base 5, what is -1024330 + -113?
-1024443
In base 15, what is 426 + 0?
426
In base 7, what is 4 + 16442465?
16442502
In base 15, what is 2a97 + 12?
2aa9
In base 15, what is -2 + -5a4a?
-5a4c
In base 10, what is -858 - -342?
-516
In base 3, what is -10 - -122002021?
122002011
In base 16, what is 226 + -2d6?
-b0
In base 13, what is 3 - 107a2b?
-107a28
In base 6, what is 22434053 - 1?
22434052
In base 16, what is -c0ef + 4?
-c0eb
In base 9, what is -1 + -28606?
-28607
In base 11, what is -658840 - -2?
-658839
In base 2, what is 100011100001000000010 + -10?
100011100001000000000
In base 10, what is -3 - 51084?
-51087
In base 6, what is 510550 + 13?
511003
In base 6, what is -214423 + 2?
-214421
In base 9, what is 1030 + -514?
415
In base 15, what is 12ed - 331?
ebc
In base 9, what is 26 - 11174?
-11147
In base 6, what is -52343 + -4?
-52351
In base 12, what is 1a + b5?
113
In base 4, what is 20030 - -1003?
21033
In base 5, what is 10 - 240340314?
-240340304
In base 13, what is 3807 + -11?
37c6
In base 14, what is -174dc2 - -4?
-174dbc
In base 6, what is -13452451 - 3?
-13452454
In base 12, what is -676 + -8b?
-745
In base 15, what is -1da - -7e?
-15b
In base 10, what is 513 - -310?
823
In base 10, what is 67 + 19262?
19329
In base 16, what is 2124 - 0?
2124
In base 6, what is -235210 - -221?
-234545
In base 13, what is -9c + -325?
-3c4
In base 10, what is -66 + -27316?
-27382
In base 5, what is 102102241 - 3?
102102233
In base 6, what is 13010 + 331?
13341
In base 5, what is 131 - 3240?
-3104
In base 2, what is 1101001111101111 + -10?
1101001111101101
In base 7, what is 3 + -1261235?
-1261232
In base 4, what is -12003320001 - 13?
-12003320020
In base 11, what is -161 + -3992?
-4043
In base 5, what is -3120 + -1111?
-4231
In base 16, what is -3537b + 1?
-3537a
In base 9, what is -1127186 + -5?
-1127202
In base 10, what is 3 - -81877?
81880
In base 10, what is -5 - 39211?
-39216
In base 2, what is -110011001010100 - 100?
-1